nds digit of 1523761?
2
What is the ten thousands digit of 734135?
3
What is the hundred thousands digit of 348997?
3
What is the hundreds digit of 19946056?
0
What is the tens digit of 6246480?
8
What is the thousands digit of 455562?
5
What is the hundreds digit of 20083954?
9
What is the ten thousands digit of 373429?
7
What is the units digit of 4118583?
3
What is the hundreds digit of 483259?
2
What is the tens digit of 410082?
8
What is the thousands digit of 365542?
5
What is the tens digit of 168742?
4
What is the hundred thousands digit of 6220509?
2
What is the ten thousands digit of 120300?
2
What is the hundreds digit of 76529?
5
What is the thousands digit of 2912271?
2
What is the units digit of 562425?
5
What is the millions digit of 1260209?
1
What is the tens digit of 1031541?
4
What is the millions digit of 1511354?
1
What is the ten thousands digit of 3701699?
0
What is the ten thousands digit of 43690846?
9
What is the hundreds digit of 4373983?
9
What is the thousands digit of 10789111?
9
What is the units digit of 866134?
4
What is the hundred thousands digit of 231756?
2
What is the millions digit of 15354984?
5
What is the ten thousands digit of 333838?
3
What is the thousands digit of 184567?
4
What is the tens digit of 609330?
3
What is the hundred thousands digit of 176506?
1
What is the thousands digit of 552032?
2
What is the tens digit of 8444995?
9
What is the ten thousands digit of 168926?
6
What is the ten thousands digit of 2641810?
4
What is the millions digit of 2791205?
2
What is the hundred thousands digit of 1101442?
1
What is the ten millions digit of 10932279?
1
What is the units digit of 210148?
8
What is the hundreds digit of 1870440?
4
What is the ten thousands digit of 427589?
2
What is the units digit of 189513?
3
What is the units digit of 102956?
6
What is the ten thousands digit of 4628997?
2
What is the ten thousands digit of 118049?
1
What is the thousands digit of 3963662?
3
What is the thousands digit of 8220079?
0
What is the thousands digit of 123274?
3
What is the hundred thousands digit of 105538?
1
What is the thousands digit of 548295?
8
What is the units digit of 8465112?
2
What is the ten thousands digit of 86260?
8
What is the units digit of 945650?
0
What is the units digit of 3223?
3
What is the tens digit of 4812354?
5
What is the hundred thousands digit of 203270?
2
What is the thousands digit of 1298181?
8
What is the hundreds digit of 6269224?
2
What is the ten thousands digit of 82044?
8
What is the hundred thousands digit of 574772?
5
What is the thousands digit of 355461?
5
What is the units digit of 13873551?
1
What is the hundreds digit of 1444605?
6
What is the hundreds digit of 481911?
9
What is the hundreds digit of 122716?
7
What is the tens digit of 634653?
5
What is the thousands digit of 409648?
9
What is the ten thousands digit of 120620?
2
What is the hundred thousands digit of 412259?
4
What is the thousands digit of 99439?
9
What is the millions digit of 9362498?
9
What is the thousands digit of 277735?
7
What is the hundreds digit of 6643432?
4
What is the hundred thousands digit of 11656484?
6
What is the thousands digit of 2409034?
9
What is the ten thousands digit of 972641?
7
What is the hundred thousands digit of 12983672?
9
What is the thousands digit of 919098?
9
What is the hundreds digit of 219823?
8
What is the millions digit of 2301666?
2
What is the millions digit of 1278016?
1
What is the tens digit of 579670?
7
What is the hundreds digit of 450802?
8
What is the ten thousands digit of 3593239?
9
What is the ten thousands digit of 493188?
9
What is the thousands digit of 6303?
6
What is the hundreds digit of 3185892?
8
What is the hundreds digit of 725756?
7
What is the ten thousands digit of 47042?
4
What is the tens digit of 11020483?
8
What is the thousands digit of 177409?
7
What is the ten millions digit of 36047387?
3
What is the hundred thousands digit of 10650296?
6
What is the units digit of 320870?
0
What is the thousands digit of 9061450?
1
What is the units digit of 18058835?
5
What is the tens digit of 5021372?
7
What is the thousands digit of 4715544?
5
What is the ten thousands digit of 405704?
0
What is the thousands digit of 363527?
3
What is the units digit of 4604577?
7
What is the millions digit of 1247633?
1
What is the thousands digit of 3185199?
5
What is the units digit of 899230?
0
What is the thousands digit of 1321283?
1
What is the hundred thousands digit of 396212?
3
What is the units digit of 292508?
8
What is the tens digit of 62663?
6
What is the thousands digit of 772520?
2
What is the tens digit of 14128228?
2
What is the hundreds digit of 14281?
2
What is the ten thousands digit of 164351?
6
What is the units digit of 1522462?
2
What is the ten thousands digit of 1943021?
4
What is the ten thousands digit of 361617?
6
What is the tens digit of 293859?
5
What is the units digit of 162560?
0
What is the units digit of 341690?
0
What is the tens digit of 86255?
5
What is the hundred thousands digit of 313366?
3
What is the tens digit of 3615053?
5
What is the hundreds digit of 5276670?
6
What is the units digit of 169916?
6
What is the hundreds digit of 66557?
5
What is the ten millions digit of 10839970?
1
What is the hundred thousands digit of 590158?
5
What is the ten thousands digit of 14863?
1
What is the hundred thousands digit of 559380?
5
What is the ten thousands digit of 145975?
4
What is the tens digit of 3615881?
8
What is the hundreds digit of 31314523?
5
What is the hundreds digit of 760337?
3
What is the units digit of 11025941?
1
What is the ten thousands digit of 2595342?
9
What is the hundred thousands digit of 244956?
2
What is the hundred thousands digit of 536933?
5
What is the units digit of 446027?
7
What is the units digit of 84936?
6
What is the hundreds digit of 134357?
3
What is the ten thousands digit of 34542589?
4
What is the hundreds digit of 9023657?
6
What is the thousands digit of 305378?
5
What is the millions digit of 3063146?
3
What is the millions digit of 4767372?
4
What is the tens digit of 91838?
3
What is the hundreds digit of 3581606?
6
What is the tens digit of 1079916?
1
What is the millions digit of 7441910?
7
What is the hundreds digit of 2079326?
3
What is the units digit of 6998?
8
What is the hundreds digit of 1741094?
0
What is the ten thousands digit of 66632?
6
What is the ten thousands digit of 7862214?
6
What is the millions digit of 12899767?
2
What is the thousands digit of 1977191?
7
What is the thousands digit of 4550353?
0
What is the thousands digit of 1206145?
6
What is the millions digit of 1152615?
1
What is the thousands digit of 3652968?
2
What is the thousands digit of 810245?
0
What is the tens digit of 2382032?
3
What is the units digit of 1384125?
5
What is the units digit of 763093?
3
What is the tens digit of 146377?
7
What is the thousands digit of 65051?
5
What is the ten thousands digit of 981670?
8
What is the hundreds digit of 753302?
3
What is the hundreds digit of 1482894?
8
What is the thousands digit of 2566418?
6
What is the ten millions digit of 11002329?
1
What is the tens digit of 16332999?
9
What is the units digit of 3330?
0
What is the ten thousands digit of 382103?
8
What is the units digit of 250972?
2
What is the ten thousands digit of 392892?
9
What is the tens digit of 10609729?
2
What is the thousands digit of 124193?
4
What is the units digit of 240134?
4
What is the units digit of 725171?
1
What is the ten thousands digit of 166971?
6
What is the hundreds digit of 253420?
4
What is the tens digit of 828517?
1
What is the hundred thousands digit of 7549291?
5
What is the hundred thousands digit of 9495966?
4
What is the thousands digit of 114825?
4
What is the units digit of 1845261?
1
What is the hundred thousands digit of 693850?
6
What is the hundreds digit of 1322514?
5
What is the tens digit of 8414680?
8
What is the hundreds digit of 1682125?
1
What is the hundreds digit of 222121?
1
What is the thousands digit of 3618083?
8
What is the ten thousands digit of 78443?
7
What is the units digit of 43796?
6
What is the tens digit of 14654348?
4
What is the units digit of 877913?
3
What is the ten thousands digit of 